{"id":2,"date":"2016-05-10T03:48:21","date_gmt":"2016-05-10T03:48:21","guid":{"rendered":"https:\/\/supraweb.ch\/?page_id=2"},"modified":"2023-08-18T20:07:18","modified_gmt":"2023-08-18T20:07:18","slug":"sample-page","status":"publish","type":"page","link":"https:\/\/supraweb.ch\/","title":{"rendered":"SupraWeb"},"content":{"rendered":"\n<div class=\"wp-block-columns is-layout-flex wp-container-3 wp-block-columns-is-layout-flex\">\n<div class=\"wp-block-column is-layout-flow wp-block-column-is-layout-flow\" style=\"flex-basis:100%\">\n<div class=\"wp-block-group is-layout-flow wp-block-group-is-layout-flow\"><div class=\"wp-block-group__inner-container\">\n<h5>ICT Know-how, <span style=\"font-size: revert;\">ERP-Systeme, Projektleitung,\u00a0<\/span>Qualit\u00e4tsmanagement, Prozessmanagement und Querdenker.<\/h5>\n<\/div><\/div>\n\n\n\n<p>Die Arbeitswelt hat sich in den letzten Jahren und Jahrzehnten stark ver\u00e4ndert. Vor allem die rasant zunehmende Digitalisierung \u00fcbt einen grossen Einfluss auf den Alltag in Unternehmen aus. Daher ist es wenig verwunderlich, dass digitale Kompetenzen immer mehr zu einer unabdingbaren Schl\u00fcsselqualifikation werden. <br>Gerne berate und unterst\u00fctze ich Sie in Themen der Digitalisierung.<\/p>\n<\/div>\n<\/div>\n\n\n\n<p>Patrick Leisibach<br>Sch\u00fcrmatte 2<br>6027 R\u00f6merswil<br>info@supraweb.ch<\/p>\n","protected":false},"excerpt":{"rendered":"<p>ICT Know-how, ERP-Systeme, Projektleitung,\u00a0Qualit\u00e4tsmanagement, Prozessmanagement und Querdenker. Die Arbeitswelt hat sich in den letzten Jahren und Jahrzehnten stark ver\u00e4ndert. Vor allem die rasant zunehmende Digitalisierung \u00fcbt einen grossen Einfluss auf den Alltag in Unternehmen aus. Daher ist es wenig verwunderlich, dass digitale Kompetenzen immer mehr zu einer unabdingbaren Schl\u00fcsselqualifikation werden&#8230;.<\/p>\n","protected":false},"author":1,"featured_media":0,"parent":0,"menu_order":0,"comment_status":"closed","ping_status":"closed","template":"templates\/template-cover.php","meta":{"footnotes":""},"_links":{"self":[{"href":"https:\/\/supraweb.ch\/index.php?rest_route=\/wp\/v2\/pages\/2"}],"collection":[{"href":"https:\/\/supraweb.ch\/index.php?rest_route=\/wp\/v2\/pages"}],"about":[{"href":"https:\/\/supraweb.ch\/index.php?rest_route=\/wp\/v2\/types\/page"}],"author":[{"embeddable":true,"href":"https:\/\/supraweb.ch\/index.php?rest_route=\/wp\/v2\/users\/1"}],"replies":[{"embeddable":true,"href":"https:\/\/supraweb.ch\/index.php?rest_route=%2Fwp%2Fv2%2Fcomments&post=2"}],"version-history":[{"count":11,"href":"https:\/\/supraweb.ch\/index.php?rest_route=\/wp\/v2\/pages\/2\/revisions"}],"predecessor-version":[{"id":106,"href":"https:\/\/supraweb.ch\/index.php?rest_route=\/wp\/v2\/pages\/2\/revisions\/106"}],"wp:attachment":[{"href":"https:\/\/supraweb.ch\/index.php?rest_route=%2Fwp%2Fv2%2Fmedia&parent=2"}],"curies":[{"name":"wp","href":"https:\/\/api.w.org\/{rel}","templated":true}]}}